4 is divided by 12370?
14
Calculate the remainder when 6936 is divided by 534.
528
What is the remainder when 5404 is divided by 32?
28
What is the remainder when 3905 is divided by 636?
89
Calculate the remainder when 206949 is divided by 25.
24
What is the remainder when 1447 is divided by 621?
205
What is the remainder when 1405108 is divided by 5?
3
Calculate the remainder when 37115 is divided by 267.
2
What is the remainder when 12281 is divided by 41?
22
Calculate the remainder when 729441 is divided by 478.
13
What is the remainder when 2045 is divided by 588?
281
Calculate the remainder when 57589 is divided by 29.
24
What is the remainder when 40239 is divided by 57?
54
Calculate the remainder when 1718 is divided by 420.
38
What is the remainder when 19927 is divided by 94?
93
What is the remainder when 53718 is divided by 1987?
69
Calculate the remainder when 246853 is divided by 59.
56
What is the remainder when 618 is divided by 173?
99
Calculate the remainder when 304557 is divided by 8.
5
Calculate the remainder when 21527 is divided by 12.
11
Calculate the remainder when 13170 is divided by 16.
2
Calculate the remainder when 32659 is divided by 8153.
47
What is the remainder when 1604 is divided by 67?
63
What is the remainder when 3770 is divided by 316?
294
What is the remainder when 1048175 is divided by 52?
11
Calculate the remainder when 272091 is divided by 380.
11
Calculate the remainder when 740624 is divided by 64.
16
What is the remainder when 193374 is divided by 119?
118
Calculate the remainder when 13957 is divided by 12.
1
Calculate the remainder when 251590 is divided by 66.
64
Calculate the remainder when 2980 is divided by 561.
175
Calculate the remainder when 8278 is divided by 58.
42
Calculate the remainder when 1667 is divided by 435.
362
Calculate the remainder when 31540 is divided by 4355.
1055
What is the remainder when 10496 is divided by 3496?
8
What is the remainder when 259684 is divided by 143?
139
Calculate the remainder when 4786 is divided by 1194.
10
Calculate the remainder when 56444 is divided by 252.
248
Calculate the remainder when 8350 is divided by 24.
22
Calculate the remainder when 53597 is divided by 17863.
8
Calculate the remainder when 14584 is divided by 3645.
4
What is the remainder when 54042 is divided by 684?
6
Calculate the remainder when 6303 is divided by 140.
3
What is the remainder when 87711 is divided by 120?
111
What is the remainder when 6512 is divided by 2158?
38
Calculate the remainder when 10364 is divided by 39.
29
Calculate the remainder when 60244 is divided by 187.
30
What is the remainder when 4063 is divided by 673?
25
What is the remainder when 87184 is divided by 1504?
1456
What is the remainder when 18446 is divided by 473?
472
What is the remainder when 3957 is divided by 95?
62
Calculate the remainder when 32431 is divided by 64.
47
Calculate the remainder when 324 is divided by 128.
68
Calculate the remainder when 5405 is divided by 1736.
197
Calculate the remainder when 1598 is divided by 28.
2
Calculate the remainder when 109 is divided by 44.
21
What is the remainder when 767300 is divided by 73?
70
What is the remainder when 18886 is divided by 727?
711
What is the remainder when 51436 is divided by 3428?
16
What is the remainder when 72949 is divided by 14?
9
What is the remainder when 1457 is divided by 710?
37
Calculate the remainder when 68136 is divided by 18.
6
Calculate the remainder when 1891179 is divided by 682.
675
What is the remainder when 18668 is divided by 22?
12
What is the remainder when 57654 is divided by 19216?
6
What is the remainder when 78462 is divided by 613?
611
What is the remainder when 10875 is divided by 828?
111
What is the remainder when 31990 is divided by 6395?
15
Calculate the remainder when 73864 is divided by 2638.
0
What is the remainder when 29170 is divided by 9694?
88
Calculate the remainder when 3128 is divided by 146.
62
What is the remainder when 32406 is divided by 831?
828
What is the remainder when 2048 is divided by 105?
53
Calculate the remainder when 98126 is divided by 166.
20
Calculate the remainder when 30922 is divided by 142.
108
What is the remainder when 5342 is divided by 755?
57
Calculate the remainder when 514358 is divided by 55.
53
Calculate the remainder when 59317 is divided by 7412.
21
Calculate the remainder when 26248 is divided by 163.
5
Calculate the remainder when 1118 is divided by 130.
78
What is the remainder when 15878 is divided by 1383?
665
Calculate the remainder when 1695 is divided by 334.
25
What is the remainder when 2611 is divided by 1199?
213
Calculate the remainder when 1958011 is divided by 9.
7
What is the remainder when 7277 is divided by 350?
277
Calculate the remainder when 34191 is divided by 19.
10
What is the remainder when 49381 is divided by 64?
37
Calculate the remainder when 58872 is divided by 315.
282
What is the remainder when 236168 is divided by 118084?
0
Calculate the remainder when 1280 is divided by 63.
20
What is the remainder when 59025 is divided by 1135?
5
What is the remainder when 410969 is divided by 150?
119
Calculate the remainder when 64639 is divided by 128.
127
Calculate the remainder when 361245 is divided by 120411.
12
What is the remainder when 147 is divided by 100?
47
Calculate the remainder when 54198 is divided by 24.
6
Calculate the remainder when 26084 is divided by 163.
4
What is the remainder when 35763 is divided by 18?
15
What is the remainder when 327284 is divided by 78?
74
Calculate the remainder when 7685 is divided by 998.
699
What is the remainder when 2630 is divided by 328?
6
Calculate the remainder when 4541 is divided by 173.
43
What is the remainder when 174038 is divided by 380?
378
What is the remainder when 122002 is divided by 106?
102
What is the remainder when 650904 is divided by 93?
90
What is the remainder when 215 is divided by 43?
0
What is the remainder when 48618 is divided by 34?
32
What is the remainder when 825 is divided by 143?
110
What is the remainder when 2035 is divided by 935?
165
Calculate the remainder when 69229 is divided by 22.
17
What is the remainder when 21623 is divided by 8?
7
Calculate the remainder when 385239 is divided by 429.
426
What is the remainder when 733 is divided by 410?
323
Calculate the remainder when 401842 is divided by 832.
818
Calculate the remainder when 40708 is divided by 118.
116
What is the remainder when 92803 is divided by 59?
55
What is the remainder when 22395 is divided by 2165?
745
What is the remainder when 173 is divided by 28?
5
Calculate the remainder when 74459 is divided by 365.
364
Calculate the remainder when 31243 is divided by 47.
35
Calculate the remainder when 2965 is divided by 1118.
729
What is the remainder when 459887 is divided by 13?
12
What is the remainder when 1194 is divided by 416?
362
Calculate the remainder when 12610 is divided by 12.
10
Calculate the remainder when 5522 is divided by 45.
32
Calculate the remainder when 3075 is divided by 181.
179
Calculate the remainder when 39637 is divided by 521.
41
Calculate the remainder when 10182 is divided by 2507.
154
What is the remainder when 366432 is divided by 28?
24
What is the remainder when 308030 is divided by 314?
310
Calculate the remainder when 495964 is divided by 224.
28
Calculate the remainder when 9469 is divided by 4728.
13
Calculate the remainder when 545 is divided by 102.
35
What is the remainder when 8828 is divided by 81?
80
What is the remainder when 9976 is divided by 333?
319
What is the remainder when 262877 is divided by 212?
209
What is the remainder when 19889 is divided by 12?
5
What is the remainder when 3815 is divided by 834?
479
What is the remainder when 202823 is divided by 324?
323
Calculate the remainder when 18382 is divided by 18366.
16
Calculate the remainder when 1226339 is divided by 50.
39
Calculate the remainder when 2042 is divided by 4.
2
What is the remainder when 6895 is divided by 1745?
1660
What is the remainder when 906 is divided by 46?
32
What is the remainder when 75985 is divided by 75981?
4
What is the remainder when 25580 is divided by 284?
20
What is the remainder when 16887 is divided by 2808?
39
What is the remainde